 - 6*v**2 + 7*v - 5. Let c be y(5). Let m be 3 - 6 - (-4 + 1). Let g(j) = m + 6*j - 1 - 3*j. What is g(c)?
14
Let x(f) = -236*f + 126*f - f**2 + 95*f - 14. Calculate x(-13).
12
Let c(k) = k**3 + k**2 + 1. Suppose 5*b + 5 = -3*w, -5*b - 12 = 2*w - 2. Let s(f) = 3*f**3 + 2*f**2 + 1. Let v(x) = w*c(x) - 2*s(x). Give v(0).
3
Let p(n) = -5*n. Let u be 0 + 46/4*(7 - 5). Suppose w - 5 = h, h + u = -2*h + 5*w. Determine p(h).
5
Let u(v) be the third derivative of -v**5/60 + 11*v**4/24 + v**3/6 + 403*v**2. What is u(8)?
25
Suppose 0 = -5*o - 10 - 0. Let i be (-4 + o)/(9/(-12)). Suppose -4*y = -5*d + 8, -d + 0*y - i = -4*y. Let p(q) = -2*q - 5. What is p(d)?
-13
Let u be 6/(-3) - (-34)/2. Suppose u = 17*q - 20*q. Let d(f) = f + 1. Let t(p) = -5*p - 7. Let k(o) = -4*d(o) - t(o). What is k(q)?
-2
Let p(y) = y - 2. Let s(f) = 1 + 1 + 2 - 3*f - 1. Let v(t) = -5*p(t) - 2*s(t). Suppose -15*l - 15 = -12*l. What is v(l)?
-1
Let x(t) be the second derivative of -3/2*t**3 - t**2 - 1/20*t**5 - 13*t + 0 + 5/6*t**4. Give x(9).
-2
Let u(l) = -2*l + 6. Let i(w) = 2*w - 6. Let o(y) = 3*i(y) + 2*u(y). Give o(1).
-4
Let q(t) = -4*t + 3. Let l(f) = 2*f + 2. Let z(b) = 2*l(b) - q(b). Let n = 17 - 18. Determine z(n).
-7
Suppose 40 + 50 = -15*u. Let q(f) = -f**2 - 4*f + 3. Determine q(u).
-9
Suppose x = 3*d + 6, 0 = 2*x - 2*d - 12. Let k(o) be the second derivative of o**5/20 - 7*o**4/12 + 5*o**3/6 + o**2 - 17*o. What is k(x)?
-4
Let d(l) = l**2 - 2*l + 5. Let k(r) = -r**2 + 5*r - 9. Let c be ((-5)/(-15))/(2/(-18)). Let f(y) = c*k(y) - 5*d(y). Calculate f(-4).
-10
Suppose -6*y = -p - 3*y + 11, -2*y - 10 = -2*p. Suppose -5*a - 3*i = -26, -p*i = 3*a - 16 - 0. Let q(l) = l - a*l + 2*l + 7 + 1. Determine q(6).
2
Let v(c) = 25 - 7*c**2 + c**3 - 11 + 2*c - 18. Calculate v(7).
10
Let q = -532 + 538. Let t(f) = 6*f - 8. Determine t(q).
28
Suppose 6*h - 19 = -2*b + h, 2*b = -3*h + 17. Let m(o) = 4*o**2 + 3*o**2 - b*o + 3 + 6 - o**3. What is m(6)?
3
Let h = 14 + -2. Let c(o) = 5*o + h*o + 0 - 1 - 21*o. Calculate c(-3).
11
Let k(m) = -4*m - 2. Let b(s) = s**2 + 47*s + 519. Let p be b(-18). Calculate k(p).
10
Let h(m) = -45*m**2 + 223*m + 46*m**2 + 10 - 216*m. What is h(-8)?
18
Let w(b) = b**2 + 15*b + 50. Suppose 0 = -10*c + 47 - 127. Calculate w(c).
-6
Let a = -992 + 998. Let d(j) = 4*j - 9. Let c(n) = 13*n - 28. Let z(r) = -2*c(r) + 7*d(r). Calculate z(a).
5
Let l(v) = 2*v + 4. Suppose 8*c - 3*c + 3*w - 13 = 0, 5*c - 4*w - 41 = 0. What is l(c)?
14
Let j(v) = -2*v**3 + 8*v**2 - 3*v + 4. Let r(l) = -3*l**3 + 9*l**2 - 4*l + 3. Let s(q) = 4*j(q) - 3*r(q). Suppose -7*w + 11 = 46. Give s(w).
7
Let q(j) = 2 + j - 3*j**2 + 25*j**3 - 3 - 24*j**3. Let c = -16 + 22. Let w = 8 - c. Determine q(w).
-3
Let m(o) be the second derivative of o**5/20 + 11*o**4/6 + 10*o**3/3 - 29*o**2/2 - 172*o. Calculate m(-21).
-8
Suppose 0 = 2*h - 14 + 2. Let v(c) = -c**2 + 2*c - 5. Let j(m) = m**2 - m + 5. Let d(y) = h*j(y) + 7*v(y). Determine d(7).
2
Let k = -72 - -78. Let i(g) = -g**3 + 7*g**2 - 4*g + 2. Calculate i(k).
14
Let k(w) = -w + 21. Suppose 0 = -131*p + 136*p. What is k(p)?
21
Let f(j) be the second derivative of -j**4/12 - 11*j**3/6 - 21*j**2/2 + 32*j. Let q be f(-9). Let n(m) = -m**2 - 6*m - 1. Determine n(q).
8
Let a be 3/6 - 3/(-6). Let y(s) = -6*s - 3. Let t(r) = -5*r - 4. Let k(m) = 2*t(m) - 3*y(m). Determine k(a).
9
Suppose -19 = -4*b + 25. Let k = b + -12. Let z be 5*k/(15/(-6)). Let d(r) = -r**3 + r**2 - 3*r + 3. Give d(z).
-7
Let f(w) = 7*w**2 + 21*w + 7. Let c(u) = 11*u**2 + 32*u + 9. Let b(h) = -5*c(h) + 8*f(h). Calculate b(-6).
-1
Let d(u) = -4*u + 11. Let f be d(3). Let z be (2/(-4) - (-60)/8) + f. Let v(j) = -j**3 + 7*j**2 - 5*j - 3. Determine v(z).
3
Let m be 6 - 6 - (-56)/(-2). Let a = m - -32. Let k(x) = x**2 - 7*x + 2. What is k(a)?
-10
Let k(o) = 11*o**2 + o. Let s be (3/12)/(14/(-56)). Give k(s).
10
Let b(w) = w**3 - 6*w**2 - w - 5. Let n = -19 + 16. Let u(k) = k**3 - 7*k**2 - 2*k - 6. Let q(x) = n*b(x) + 2*u(x). What is q(4)?
-1
Let q = 10 - 1. Suppose 2*t - 16 = 4*r, -r + 8 = 4*t - 15. Suppose q + t = -5*z. Let j(u) = u**3 + 3*u**2 - u + 1. Give j(z).
4
Let c = 0 + 4. Suppose -5*d - 5 = c*m, -d - 3 = 5*m + 2*d. Let h(u) = u**3 - u**2 + 7. Give h(m).
7
Let z(x) be the first derivative of -x**2 - 7*x + 68. Give z(11).
-29
Let q(o) be the third derivative of 1/4*o**4 + 0 - 13*o**2 + 0*o - 1/120*o**6 - 1/12*o**5 + 2/3*o**3. Give q(-6).
4
Let q be (680/102 - (1 + 6))*-3. Let n(j) = -3*j**3 + 2*j**2 - j. Determine n(q).
-2
Let s(c) = 3*c + 10. Let o(n) = -n - 5. Let v(x) = 5*o(x) + 3*s(x). What is v(6)?
29
Let t(y) = 3*y + 7. Let j = 33 - 25. Let l = -15 + j. Calculate t(l).
-14
Let z(i) = -i - 4. Suppose -1 - 4 = 5*r, 3*l - 2*r - 8 = 0. Let u be l + -9 + (-1 - -3) + 1. What is z(u)?
0
Let h(d) be the first derivative of 1 + 1/4*d**4 - 3*d**2 + 7*d - 5/3*d**3. Let y be ((-72)/(-40))/(-3 + (-33)/(-10)). Give h(y).
7
Let c be (-6 - 12)*(-8)/6. Suppose -6 = 3*t - c. Suppose -2*d + 1 = -o, -3*o + 0*o = 3*d - t. Let a(w) = -10*w - 1. Calculate a(d).
-11
Let p(d) be the first derivative of -d**5/4 + 7*d + 3. Let f(k) be the first derivative of p(k). Let j be f(1). Let g(r) = -r**3 - 5*r**2 - 2*r - 4. Give g(j).
6
Suppose -t + 5 = -6*t. Let s(g) = -18*g**3 + 7*g**2 - 11*g + 1. Let y(c) = 17*c**3 - 6*c**2 + 9*c - 1. Let b(z) = 5*s(z) + 6*y(z). Determine b(t).
-13
Suppose -5*p = 0, -7 + 10 = 3*v - p. Let j(b) = -2*b**2 + b - 1. Calculate j(v).
-2
Let p(b) = b**2 - 6*b - 4. Let t be p(6). Let i(v) = v**3 + 2*v - 9. Let r(q) = q**2 - q + 1. Let k = 7 - 6. Let x(d) = k*i(d) + 4*r(d). Determine x(t).
3
Let h(t) = -2*t**2 - 4*t. Let w be -10*1/1 - 3. Let b = 29 + w. Suppose -b + 4 = 3*a. Determine h(a).
-16
Let n(c) = 4*c**2 + 3*c + 3. Suppose 5*o = -l - 7, -2*o - 3 = 2*l - 5. Suppose 0 = -l*j + 2*j. Suppose -4*p + 1 - 9 = j. What is n(p)?
13
Let x be (-2)/(4/10) + 70. Let t = -59 + x. Let u(r) = r**2 - 7*r + 8. What is u(t)?
2
Let w(c) = -47 + 18*c - 65*c + 17*c + 18*c + 15*c. Calculate w(14).
-5
Let j = -11 - -15. Let q(h) = -j*h + 0*h - 1 - h**2 - 1. Let k(i) = 2*i**3 - 9*i**2 + 5*i - 8. Let p be k(4). Determine q(p).
-2
Let n(y) = y**3 + 34*y**2 + 30*y - 102. Let r be n(-33). Let p(u) be the third derivative of u**5/30 + u**4/12 - u**3/3 + 2*u**2. Determine p(r).
10
Let k(h) be the first derivative of 2*h**3 + h**2 - 3*h + 365. What is k(-3)?
45
Let l(g) = g. Let m(j) = j**2 + j + 8. Let u be m(0). Let a be l(u). Let s = -11 + a. Let w(x) = -x**2 - x + 1. Determine w(s).
-5
Let v(g) be the second derivative of 0 - 1/6*g**3 - 16*g + 0*g**2 + 2/3*g**4. Give v(1).
7
Let x(k) = 50*k - 3449. Let r be x(69). Let d(w) = -2*w + 2*w**2 - 2*w**3 - 8*w**3 + 1 - 6*w**3. Give d(r).
-15
Let a(t) = t. Let x be a(5). Suppose 15 = 8*n - 5*n. Let d(u) = 4*u**2 + 13*u - n*u + 1 - u - 5*u**2. Calculate d(x).
11
Let n(q) = 7 - 19 - 4*q**2 + 2*q**2 + 20 - 8*q. Let s be n(-5). Let l(z) = -3*z**3 - z**2. Determine l(s).
20
Let z(x) = 2*x - 2. Suppose -41*f - 15*f + 168 = 0. Determine z(f).
4
Let r(u) be the third derivative of -u**5/60 - u**3/6 + 17*u**2. Suppose -19 = -v + b + 2*b, -5*v = -2*b - 43. Let o = v + -8. Calculate r(o).
-2
Let q(b) = b - 3. Let d(t) = -2*t + 2. Let j(n) = 3*d(n) + 2*q(n). Let v be (2/(-3))/((20/24)/5). Give j(v).
16
Let f(u) = 0*u + 11*u - 34 - 4*u - 5*u - 4*u. Calculate f(-16).
-2
Let m(u) = -3*u + 15. Let s(i) = -1. Let f(l) = -m(l) - 12*s(l). Calculate f(3).
6
Let r be ((-6)/4)/(1/(-4)). Let y(j) = 2*j**3 + 2*j**2 - j + 1. Let s(k) = -11*k**3 - 3*k**2 + 2*k - 13. Let m(w) = s(w) + 5*y(w). What is m(r)?
10
Let t(c) be the first derivative of -c**4/4 - 11*c**3/3 - 5*c**2 + 8*c - 120. What is t(-10)?
8
Let i(x) = -4*x**2 + 1. Let k = -1025 + 1026. Give i(k).
-3
Let s(f) = 3*f + 10. Let j be s(-4). Let u(n) = 5*n**3 - 2*n + 1. Calculate u(j).
-35
Let c(m) = -5*m**3 + 11*m**2 + 4*m - 5. Let g(r) = 11*r**3 - 22*r**2 - 7*r + 11. Let z(n) = -13*c(n) - 6*g(n). Suppose -2069*b + 10 = -2070*b. Give z(b).
-1
Let u(z) = -z - 2. Let x(r) = -r**2 - 2*r. Let s be x(-2). Suppose s = -5*y + 12 + 3. Suppose -5*b + 5*p = -7 - 3, -b - y*p - 14 = 0. What is u(b)?
0
Let b(g) = -g - 5. Suppose 160*n - 163*n + 21 = -3*q, -5*q + 3*n - 33 = 0. Give b(q).
1
Let x(w) = -w + 17. Let z = 309 - 292. Determine x(z).